ide 1492?
False
Does 18 divide 3080?
False
Does 7 divide 938?
True
Is 9 a factor of 6915?
False
Is 25632 a multiple of 24?
True
Is 1651 a multiple of 33?
False
Does 193 divide 5489?
False
Does 47 divide 1880?
True
Does 2 divide 2840?
True
Is 25 a factor of 1989?
False
Is 464 a multiple of 40?
False
Is 510 a multiple of 5?
True
Is 4929 even?
False
Does 18 divide 6858?
True
Does 46 divide 6603?
False
Is 20672 a multiple of 19?
True
Does 10 divide 414?
False
Does 100 divide 16500?
True
Is 10054 a multiple of 31?
False
Is 42 a factor of 482?
False
Does 11 divide 12683?
True
Is 54266 a multiple of 43?
True
Is 7 a factor of 250?
False
Is 7 a factor of 12999?
True
Is 80023 a multiple of 41?
False
Does 40 divide 12198?
False
Is 5554 a multiple of 21?
False
Is 78 a multiple of 39?
True
Is 68 a factor of 18154?
False
Is 15 a factor of 11115?
True
Is 74 a multiple of 4?
False
Does 85 divide 40533?
False
Does 39 divide 15009?
False
Is 4 a factor of 140?
True
Does 19 divide 6681?
False
Does 32 divide 3104?
True
Is 12 a factor of 192?
True
Does 52 divide 6968?
True
Is 24563 a multiple of 9?
False
Is 1487 a multiple of 11?
False
Is 145 even?
False
Is 29 a factor of 141839?
True
Is 54 a factor of 10619?
False
Is 13 a factor of 725?
False
Is 748 a multiple of 34?
True
Does 10 divide 880?
True
Is 3 a factor of 466?
False
Is 24 a factor of 1579?
False
Is 363 a multiple of 5?
False
Is 53 a factor of 2895?
False
Is 35 a factor of 41090?
True
Does 62 divide 3284?
False
Is 33 a factor of 3400?
False
Does 87 divide 5220?
True
Is 236 a factor of 94400?
True
Does 7 divide 1701?
True
Does 26 divide 317?
False
Does 164 divide 5412?
True
Is 36090 a multiple of 30?
True
Does 20 divide 2468?
False
Is 351 a multiple of 13?
True
Is 38628 a multiple of 36?
True
Is 218 a multiple of 2?
True
Is 489 a multiple of 17?
False
Is 6499 a multiple of 67?
True
Does 39 divide 1638?
True
Is 29 a factor of 1508?
True
Is 45 a factor of 522?
False
Is 14 a factor of 2506?
True
Is 273 a multiple of 39?
True
Does 24 divide 1347?
False
Is 5113 a multiple of 50?
False
Is 38 a factor of 300?
False
Is 2231 a multiple of 7?
False
Is 33368 a multiple of 8?
True
Does 41 divide 6273?
True
Does 10 divide 80?
True
Is 17 a factor of 340?
True
Is 2856 a multiple of 136?
True
Is 26 a factor of 5954?
True
Is 82 a factor of 2637?
False
Is 40 a factor of 31640?
True
Is 10 a factor of 77?
False
Is 29493 a multiple of 261?
True
Is 4 a factor of 2727?
False
Is 2370 a multiple of 10?
True
Is 864 a multiple of 31?
False
Does 10 divide 9880?
True
Is 8 a factor of 104?
True
Does 10 divide 321?
False
Is 22 a factor of 6314?
True
Is 22 a factor of 1251?
False
Does 58 divide 889?
False
Is 30 a factor of 90?
True
Is 1028 a multiple of 8?
False
Is 288 a multiple of 9?
True
Is 12 a factor of 95?
False
Does 14 divide 854?
True
Does 50 divide 78?
False
Does 12 divide 88?
False
Is 17100 a multiple of 150?
True
Is 739 a multiple of 82?
False
Is 2992 a multiple of 7?
False
Is 1554 a multiple of 21?
True
Is 414 a multiple of 18?
True
Is 1560 a multiple of 20?
True
Is 4228 a multiple of 6?
False
Is 2880 a multiple of 120?
True
Is 3440 a multiple of 43?
True
Is 1046 a multiple of 16?
False
Is 32 a factor of 4746?
False
Is 6 a factor of 3325?
False
Is 21 a factor of 63?
True
Is 24 a factor of 345?
False
Is 86 a factor of 3842?
False
Is 33 a factor of 68184?
False
Is 23 a factor of 4370?
True
Does 64 divide 3096?
False
Does 4 divide 658?
False
Does 3 divide 117?
True
Is 8 a factor of 1788?
False
Is 26 a factor of 37?
False
Is 392 a factor of 130928?
True
Is 55 a factor of 3025?
True
Does 57 divide 2127?
False
Does 5 divide 12223?
False
Is 43375 a multiple of 8?
False
Is 14 a factor of 992?
False
Does 82 divide 4018?
True
Is 17 a factor of 25279?
True
Is 2240 a multiple of 80?
True
Is 4528 a multiple of 13?
False
Is 12 a factor of 297?
False
Does 257 divide 51155?
False
Is 1802 a multiple of 8?
False
Is 4444 a multiple of 11?
True
Is 1403 a multiple of 27?
False
Is 106 a factor of 65111?
False
Does 11 divide 654?
False
Does 6 divide 9888?
True
Is 105 a multiple of 15?
True
Does 31 divide 8463?
True
Is 34452 a multiple of 174?
True
Is 434 a multiple of 69?
False
Is 889 even?
False
Is 337 a factor of 42799?
True
Is 26 a factor of 520?
True
Does 72 divide 53568?
True
Is 9328 a multiple of 22?
True
Is 552 a multiple of 46?
True
Is 3 a factor of 1596?
True
Does 82 divide 1640?
True
Is 7 a factor of 616?
True
Is 21 a factor of 1092?
True
Does 51 divide 2257?
False
Is 16386 a multiple of 15?
False
Is 10960 a multiple of 40?
True
Is 93 a factor of 1046?
False
Is 12 a factor of 3360?
True
Is 68 a multiple of 3?
False
Does 79 divide 1817?
True
Does 10 divide 8264?
False
Is 50 a factor of 18470?
False
Is 46368 a multiple of 114?
False
Is 1362 a multiple of 4?
False
Does 116 divide 132694?
False
Does 16 divide 2880?
True
Does 12 divide 3153?
False
Is 10 a factor of 1857?
False
Is 1322 a multiple of 54?
False
Is 13 a factor of 473?
False
Is 179 a factor of 6486?
False
Is 15 a factor of 14636?
False
Is 1632 a multiple of 48?
True
Is 85 a factor of 186?
False
Does 59 divide 14928?
False
Does 15 divide 7119?
False
Is 26 a factor of 434?
False
Is 17131 a multiple of 49?
False
Does 29 divide 2088?
True
Does 49 divide 1302?
False
Is 485 a multiple of 97?
True
Is 1080 a multiple of 18?
True
Is 18130 a multiple of 3?
False
Is 54 a factor of 432?
True
Is 9 a factor of 14720?
False
Does 4 divide 1264?
True
Does 5 divide 922?
False
Is 6 a factor of 516?
True
Does 95 divide 4275?
True
Does 61 divide 22636?
False
Is 6850 a multiple of 104?
False
Is 2975 a multiple of 4?
False
Is 2862 a multiple of 9?
True
Is 560 a multiple of 16?
True
Is 75 a factor of 14638?
False
Does 47 divide 7623?
False
Is 3925 a multiple of 5?
True
Is 1018 a multiple of 84?
False
Is 10723 a multiple of 42?
False
Does 3 divide 5529?
True
Is 112 a multiple of 7?
True
Does 89 divide 15130?
True
Is 1440 a multiple of 16?
True
Is 106 a factor of 6996?
True
Is 190 a factor of 40280?
True
Is 15 a factor of 1000?
False
Is 816 a multiple of 16?
True
Is 41 a multiple of 5?
False
Does 9 divide 16785?
True
Is 139 a multiple of 132?
False
Is 43 a factor of 6031?
False
Does 4 divide 506?
False
Does 38 divide 2166?
True
Does 33 divide 726?
True
Does 14 divide 723?
False
Does 15 divide 1545?
True
Is 84 a factor of 546?
False
Is 9 a factor of 1046?
False
Is 16309 a multiple of 47?
True
Is 50546 a multiple of 199?
True
Is 1907 a multiple of 162?
False
Does 45 divide 25753?
False
Does 327 divide 13603?
False
Is 56 a factor of 661?
False
Is 19855 a multiple of 95?
True
Does 34 divide 6422?
False
Is 4400 a multiple of 44?
True
Is 25602 a multiple of 96?
False
Is 81 a factor of 89736?
False
Is 11961 a multiple of 3?
True
Is 40 a factor of 6135?
False
Is 34 a factor of 569?
False
Is 2313 a multiple of 15?
False
Is 28 a factor of 685?
False
Is 3 a factor of 15506?
False
Does 27 divide 1604?
False
Does 13 divide 661?
False
Is 1661 a multiple of 35?
False
Is 127 even?
False
Is 30 a factor of 106830?
True
Does 48 divide 1488?
True
Is 129 a factor of 1206?
False
Is 6 a factor of 3908?
False
Is 21 a factor of 53612?
False
Is 228 a multiple of 17?
False
Does 63 divide 1540?
False
Is 112906 a multiple of 15?
False
Is 528 a multiple of 6?
True
Is 94 a factor of 1598?
True
Is 33 a factor of 165?
True
Is 10 a factor of 30?
True
Does 3 divide 46?
False
Is 1197 a multiple of 133?
True
Is 965 a multiple of 42?
False
Does 24 divide 18864?
True
Does 67 divide 6633?
True
Does 10 divide 9230?
True
Is 13125 a multiple of 75?
True
Is 15 a factor of 6951?
False
Is 20092 a multiple of 286?
False
Is 133 a multiple of 88?
False
Is 532 a multiple of 28?
True
Is 226 a multiple of 3?
False
Is 56 a multiple of 5?
False
Is 444 a multiple of 10?
False
Is 11 a factor of 505?
False
Is 5 a factor of 250?
True
Is 660 a multiple of 20?
True
Does 180 divide 2775?
False
Is 80 a factor of 640?
True
Is 6 a factor of 492?
True
Does 72 divide 7429?
False
Is 1338 a multiple of 64?
False
Is 923 a multiple of 10?
False
Is 49 a factor of 1157?
False
Is 8 a factor of 684?
False
Does 82 divide 5494?
True
Is 1111 a multiple of 31?
False
Is 10 a factor of 1419?
False
Is 219 a multiple of 6?
False
Does 59 divide 4338?
False
Is 12384 a multiple of 14?
Fa